by 261?
245
What is the remainder when 83 is divided by 26?
5
What is the remainder when 14592 is divided by 178?
174
Calculate the remainder when 67 is divided by 9.
4
Calculate the remainder when 170 is divided by 16.
10
What is the remainder when 423 is divided by 3?
0
What is the remainder when 78 is divided by 28?
22
Calculate the remainder when 851 is divided by 49.
18
Calculate the remainder when 221 is divided by 76.
69
What is the remainder when 1140 is divided by 343?
111
Calculate the remainder when 180 is divided by 11.
4
Calculate the remainder when 305 is divided by 92.
29
What is the remainder when 56 is divided by 41?
15
What is the remainder when 382 is divided by 14?
4
What is the remainder when 1334 is divided by 133?
4
Calculate the remainder when 564 is divided by 94.
0
Calculate the remainder when 370 is divided by 97.
79
What is the remainder when 66 is divided by 23?
20
Calculate the remainder when 135 is divided by 36.
27
Calculate the remainder when 29 is divided by 14.
1
Calculate the remainder when 180 is divided by 86.
8
What is the remainder when 979 is divided by 21?
13
What is the remainder when 299 is divided by 153?
146
What is the remainder when 30 is divided by 5?
0
Calculate the remainder when 1005 is divided by 249.
9
Calculate the remainder when 78 is divided by 13.
0
What is the remainder when 982 is divided by 277?
151
Calculate the remainder when 571 is divided by 114.
1
Calculate the remainder when 1058 is divided by 20.
18
What is the remainder when 1390 is divided by 127?
120
Calculate the remainder when 271 is divided by 71.
58
What is the remainder when 710 is divided by 343?
24
Calculate the remainder when 206 is divided by 69.
68
What is the remainder when 545 is divided by 39?
38
Calculate the remainder when 1453 is divided by 147.
130
Calculate the remainder when 456 is divided by 160.
136
Calculate the remainder when 165 is divided by 28.
25
What is the remainder when 166 is divided by 60?
46
Calculate the remainder when 34 is divided by 22.
12
Calculate the remainder when 186 is divided by 94.
92
Calculate the remainder when 622 is divided by 120.
22
Calculate the remainder when 70 is divided by 49.
21
Calculate the remainder when 495 is divided by 52.
27
Calculate the remainder when 1562 is divided by 34.
32
What is the remainder when 225 is divided by 113?
112
Calculate the remainder when 24 is divided by 13.
11
What is the remainder when 134 is divided by 37?
23
What is the remainder when 427 is divided by 417?
10
What is the remainder when 610 is divided by 200?
10
Calculate the remainder when 893 is divided by 3.
2
Calculate the remainder when 333 is divided by 28.
25
What is the remainder when 164 is divided by 53?
5
Calculate the remainder when 635 is divided by 34.
23
What is the remainder when 409 is divided by 139?
131
Calculate the remainder when 49 is divided by 20.
9
Calculate the remainder when 391 is divided by 18.
13
Calculate the remainder when 306 is divided by 37.
10
What is the remainder when 126 is divided by 31?
2
What is the remainder when 61284 is divided by 35?
34
What is the remainder when 7076 is divided by 354?
350
Calculate the remainder when 138 is divided by 93.
45
Calculate the remainder when 479 is divided by 120.
119
What is the remainder when 818 is divided by 83?
71
Calculate the remainder when 29397 is divided by 60.
57
Calculate the remainder when 75 is divided by 19.
18
Calculate the remainder when 205 is divided by 20.
5
What is the remainder when 48 is divided by 19?
10
What is the remainder when 75 is divided by 20?
15
Calculate the remainder when 170 is divided by 83.
4
What is the remainder when 6839 is divided by 15?
14
Calculate the remainder when 86 is divided by 53.
33
What is the remainder when 249 is divided by 123?
3
Calculate the remainder when 655 is divided by 108.
7
Calculate the remainder when 130 is divided by 82.
48
What is the remainder when 3500 is divided by 1161?
17
Calculate the remainder when 238 is divided by 36.
22
Calculate the remainder when 43 is divided by 23.
20
What is the remainder when 574 is divided by 7?
0
What is the remainder when 142 is divided by 19?
9
What is the remainder when 225 is divided by 89?
47
Calculate the remainder when 138 is divided by 18.
12
What is the remainder when 559 is divided by 33?
31
What is the remainder when 15076 is divided by 58?
54
What is the remainder when 140 is divided by 31?
16
What is the remainder when 190 is divided by 41?
26
What is the remainder when 61 is divided by 59?
2
Calculate the remainder when 223 is divided by 63.
34
Calculate the remainder when 13 is divided by 13.
0
What is the remainder when 186 is divided by 22?
10
What is the remainder when 367 is divided by 351?
16
Calculate the remainder when 847 is divided by 14.
7
What is the remainder when 201 is divided by 63?
12
What is the remainder when 3153 is divided by 12?
9
Calculate the remainder when 81 is divided by 47.
34
Calculate the remainder when 491 is divided by 117.
23
What is the remainder when 14760 is divided by 19?
16
Calculate the remainder when 376 is divided by 182.
12
What is the remainder when 261 is divided by 84?
9
Calculate the remainder when 6708 is divided by 26.
0
Calculate the remainder when 88 is divided by 3.
1
Calculate the remainder when 4183 is divided by 161.
158
What is the remainder when 501 is divided by 30?
21
What is the remainder when 895 is divided by 44?
15
Calculate the remainder when 186 is divided by 32.
26
Calculate the remainder when 393 is divided by 188.
17
Calculate the remainder when 12 is divided by 11.
1
What is the remainder when 27 is divided by 16?
11
What is the remainder when 372 is divided by 363?
9
Calculate the remainder when 372 is divided by 22.
20
Calculate the remainder when 1103 is divided by 48.
47
What is the remainder when 189 is divided by 11?
2
Calculate the remainder when 283 is divided by 133.
17
What is the remainder when 10497 is divided by 175?
172
Calculate the remainder when 37 is divided by 3.
1
What is the remainder when 43 is divided by 1?
0
What is the remainder when 346 is divided by 14?
10
What is the remainder when 290 is divided by 140?
10
Calculate the remainder when 9161 is divided by 79.
76
What is the remainder when 20689 is divided by 11?
9
What is the remainder when 364 is divided by 180?
4
Calculate the remainder when 261 is divided by 11.
8
What is the remainder when 1735 is divided by 216?
7
What is the remainder when 2197 is divided by 40?
37
Calculate the remainder when 1880 is divided by 1864.
16
What is the remainder when 77 is divided by 46?
31
What is the remainder when 211 is divided by 179?
32
Calculate the remainder when 11 is divided by 3.
2
Calculate the remainder when 63 is divided by 27.
9
Calculate the remainder when 209 is divided by 88.
33
Calculate the remainder when 282 is divided by 99.
84
What is the remainder when 2498 is divided by 7?
6
What is the remainder when 208 is divided by 24?
16
Calculate the remainder when 291 is divided by 101.
89
Calculate the remainder when 639 is divided by 203.
30
Calculate the remainder when 10365 is divided by 108.
105
Calculate the remainder when 2943 is divided by 135.
108
What is the remainder when 175 is divided by 11?
10
What is the remainder when 651 is divided by 33?
24
What is the remainder when 55 is divided by 21?
13
What is the remainder when 64 is divided by 24?
16
Calculate the remainder when 1049 is divided by 38.
23
What is the remainder when 82 is divided by 29?
24
Calculate the remainder when 161 is divided by 15.
11
Calculate the remainder when 89 is divided by 27.
8
What is the remainder when 2971 is divided by 32?
27
What is the remainder when 648 is divided by 212?
12
What is the remainder when 443 is divided by 111?
110
What is the remainder when 185 is divided by 11?
9
Calculate the remainder when 356 is divided by 28.
20
Calculate the remainder when 104 is divided by 59.
45
Calculate the remainder when 2863 is divided by 114.
13
What is the remainder when 54 is divided by 22?
10
What is the remainder when 1588 is divided by 7?
6
What is the remainder when 89 is divided by 69?
20
Calculate the remainder when 212 is divided by 74.
64
Calcula